0
Suppose -4*q + 27*m = 22*m - 8631, -3*m = 5*q - 10761. What is the hundreds digit of q?
1
Let s(j) = j**3 - 21*j**2 - 168. What is the tens digit of s(29)?
6
Let g(k) = 82*k**3 + k**2 - 1. Let m be g(-1). Let l = 14580 - 14416. Let w = m + l. What is the units digit of w?
2
Suppose -393*b + 407*b - 241514 = 173712. What is the units digit of b?
9
Let t = -481 - -491. Suppose 6*r = t*r - 3760. What is the hundreds digit of r?
9
Let z be -5*(-13 - -1 - 3). Let q(o) = 24*o - 168. Let l be q(11). Let g = z + l. What is the tens digit of g?
7
Let h be ((-534)/4)/((-10)/((-120)/(-9))). Suppose -96 = -2*v + 4*o + h, 0 = -5*v - 4*o + 629. What is the hundreds digit of v?
1
Suppose 11*x + 4*s = 8*x - 1266, 3*x = -s - 1275. Let p = x + 986. What is the units digit of p?
0
Suppose -6156*y = -6142*y - 127176. What is the tens digit of y?
8
Let w = -1355 + 795. Let v = 1025 + w. What is the tens digit of v?
6
Let w be (-4)/(-3)*(-9)/15*-5. What is the units digit of (w - -96)*(-24)/(-15)?
0
Suppose 7*q - 3*q - 24 = -s, -3*q + 13 = 2*s. Let n = q - 2. Suppose -170 = -n*x + 35. What is the tens digit of x?
4
Suppose 0 = 5*f + 3*d - 0 - 11, 2*d - 6 = -3*f. Suppose 0 = f*u - 2*h - 2054, -2*h = -u - 2*u + 1542. What is the units digit of u?
2
Suppose 192*f - 3482538 - 5204958 - 781176 = 0. What is the units digit of f?
6
Let u(d) = -4*d - 26. Let n be u(-7). Suppose -n*h + 6 = 0, -2*h = -3*s + 2*h + 2334. What is the hundreds digit of s?
7
Let x be (-4 - -7)/3 + 370. Suppose -4*p + 11*p = x. Let t = p + 95. What is the hundreds digit of t?
1
What is the hundreds digit of ((-3051)/18)/(3/(-386))?
8
Let c = -784 - -3286. What is the thousands digit of c?
2
Let f be 4*2*(-1115)/(-4). Let s be (-6)/(-24) + f/8 + 1. Suppose -4*z + 2*z = -s. What is the hundreds digit of z?
1
Let j(f) = f**2 - 14*f + 20. Let o be j(13). Suppose -o*l + 564 = -l. What is the units digit of l?
4
Let q(t) = -137*t - 6. Let c be q(17). What is the units digit of c/(-7) + (0 - 24/42)?
3
Let l(n) = 72*n**2 - 7*n + 22. Let b be l(-7). Let o = -2362 + b. What is the hundreds digit of o?
2
Let l(m) = -2*m**2 - 18*m. Let b(r) = 0 - 2*r - 11*r + 4 + r**2. Let t be b(12). What is the units digit of l(t)?
6
Let y(a) = -a**3 + 10*a**2 - 5. Let l be y(10). Let g be l + (-342)/(-66) + (-1184)/(-22). Suppose 10*w = 12*w - g. What is the units digit of w?
7
Let h = 2523 - 3539. Let k = 1468 + h. Suppose 0 = 7*x - 11*x + k. What is the units digit of x?
3
Suppose 7*l - 4*m = 4*l + 59, 0 = -2*m + 2. What is the units digit of 10477*1/l + 84/882?
9
Let q(r) = -4*r**2 - 17*r + 8. Let j be q(7). Let o = 526 + j. What is the hundreds digit of o?
2
Let w = -72 - -88. Suppose w*b - 23*b + 1078 = 0. What is the units digit of b?
4
Let s = -365 + 512. Let n(y) = -y + 13. Let v be n(6). Let r = s - v. What is the hundreds digit of r?
1
Let d(k) = -5*k**3 - 3*k**2 + 7*k - 4. Let g(h) = -h**3 + h - 1. Let b(c) = -d(c) + 6*g(c). Let l be b(4). Let f = l + 199. What is the tens digit of f?
7
Suppose b + 4*o = -0*b - 18, -5*o = -2*b - 49. Let t be b*(5 + -9) + 0 + 1. Suppose 5*i = -2*z + 385, 0*z - t = -i + 2*z. What is the tens digit of i?
7
Let x(v) = 2*v**2 + 11*v - 154. Let s be x(-12). Suppose 0 = -2*f - 2, -s*j + 3*j + 5*f - 771 = 0. What is the hundreds digit of j?
7
Suppose -26*g = 26*g + 77*g - 3019632. What is the tens digit of g?
0
Let s = 652 - -212. What is the units digit of s?
4
Suppose -2*r + 3*k = 9, 2*r = 5*r - 4*k + 11. Suppose 0 = i + r*x - 348, -18*i - 2*x - 720 = -20*i. What is the units digit of i?
7
Suppose 0 = 7*v - 2*v + 55. Let r be ((-20)/110)/(1/v). What is the units digit of (-2)/(-6)*(141*8)/r?
8
Let s(j) = 65*j - 20. Let o be s(7). Suppose -4810 = -7*k - o. Suppose -6*d - 19 = -k. What is the tens digit of d?
0
Suppose -113 + 131 = c. Suppose 21*h - c*h = -54. What is the tens digit of (-3)/h*-22*-57?
0
Let t = -266 - -269. Suppose -4*y + 990 = 2*d, t*y = 2*d + 4*y - 975. What is the hundreds digit of d?
4
Let c = -113 + 66. Let o = 52 + c. Suppose 0 = b + k - 4, -o*b - 3*k + 11 + 11 = 0. What is the units digit of b?
5
Suppose -4*x = 3*p - 37800, 3*x - 6*p = -7*p + 28350. Suppose 168*k = 153*k + x. What is the tens digit of k?
3
Suppose 0*m = -3*m - 15, 5*m = -2*u + 11. Let x be 12033/57 + u/(-171). Suppose -55 = 2*s - x. What is the tens digit of s?
7
What is the thousands digit of (10 - 2525)*(-572)/110?
3
Let y(u) be the second derivative of -u**2 - 11/6*u**3 + 0 - 12*u. What is the units digit of y(-2)?
0
Let n(l) = -l**3 - 60*l**2 - 116*l - 5. Let s be n(-58). What is the hundreds digit of 1257/2 - 21*s/(-70)?
6
Let i be (-2492)/(-10) - (22/10 + -2). Suppose 0 = -2*x + 957 - i. What is the hundreds digit of x?
3
Let o be ((-118)/6)/(3/(-9)). Let v be 2/7 + 780/14. Let i = o - v. What is the units digit of i?
3
Suppose 2*w - w = -4, -2*q - 2 = 2*w. Suppose 2*y + 4*m - 304 = 0, -q*m - 736 + 2 = -5*y. What is the hundreds digit of y?
1
Suppose -16 = 4*x - 0, -5*x = 3*w + 8. Let b be 49 + -2 + (w - -1). Suppose 0 = 3*y + 5*d + b - 393, -5*y - d = -583. What is the hundreds digit of y?
1
Let s(r) = -64*r**3 - r**2 + 2*r - 2. Suppose 5*o + u + 13 = 0, 0*u = 5*o + 5*u + 25. What is the hundreds digit of s(o)?
5
Suppose 31723 = -95*h + 451623. What is the units digit of h?
0
Let s(u) = -255*u - 11158. What is the ten thousands digit of s(-125)?
2
Suppose 12*w - 17*w + 22 = -g, -18 = -5*w - g. Suppose -2*q = -4*u - 4*q + 692, -w*q + 166 = u. What is the units digit of u?
4
Let s = 71 - 66. Let i be (4/s)/((-4)/(-470)). What is the units digit of i/(((-14)/21)/(4/(-3)))?
8
Let d(h) = 3*h + 16. Let r be d(-7). Let l = 52 - r. Suppose -l = -y + 40. What is the units digit of y?
7
Let n = 1359 - -4919. What is the tens digit of n?
7
Let q(k) = 11526*k**3 + 2*k**2 + 11*k - 13. What is the tens digit of q(1)?
2
Let p be -25 + (-2)/4 + (-49)/(-14). Let k = p + 28. Suppose -k*n + 3*n + 3*o = -138, 3*n = -4*o + 152. What is the tens digit of n?
4
Let t(w) = w**2 + 29*w - 340. Let x be t(-38). Let d be 4 - (0/1)/(-2). Suppose 0 = 4*f + 3*o - 65, -x*f + 3*o - d*o = -31. What is the tens digit of f?
1
Let x be (-2)/12 + 1*4/24. Suppose -2*r + 5*q + 60 = x, -4*r - 4*q = q - 120. Suppose 16*g + r = 18*g. What is the tens digit of g?
1
Suppose 1 = -4*f + 13. Suppose 7 + f = 5*g. Suppose 9*o = -g*o + 1298. What is the tens digit of o?
1
Let w(k) = k**3 + 7*k**2 - 3*k + 5. Let a be w(-9). Let r = a + 510. Let v = r + -238. What is the units digit of v?
2
Let i(y) be the first derivative of 11*y**2 + 35*y + 11. What is the hundreds digit of i(16)?
3
Let v(g) = -63*g + 23. Let c(l) = -31*l + 12. Let i(j) = 7*c(j) - 3*v(j). What is the hundreds digit of i(-16)?
4
Let j be (2 - (-142 + -4)) + (-2)/(-2). Let r = -121 + j. Suppose -11*t + 10*t = -2*o - r, -4*o - 24 = -t. What is the tens digit of t?
3
Let k be (-1*2/(-3))/(10/30). Let d(m) = 4*m**2 + 2*m**k + 5*m + m**2 - 1 - 1. What is the tens digit of d(3)?
7
Suppose -36*n = n - 12*n - 154325. What is the thousands digit of n?
6
Suppose -4*c = v + 4*v - 176, v - 5*c - 41 = 0. Let k be ((-8)/(-5))/(v/(-90)) + 21. Let o(s) = -s**3 + 19*s**2 - 31*s + 42. What is the units digit of o(k)?
3
Let l(c) = -4*c**3 + 28*c**2 + 29*c + 49 - 7*c**3 + 13*c**3 - 6*c**3 + 3*c**3. What is the tens digit of l(29)?
4
Let r(a) = 2*a**3 + 12*a**2 + 32*a + 18. What is the thousands digit of r(15)?
9
Suppose -720*j = -718*j - 368. Let x = j - 162. What is the tens digit of x?
2
Let i be (-4)/16 - (-13)/4. Suppose -15 = 5*g, -i*l + 10 = 3*g - 83. Suppose -o + l = -2*v - 26, 5*o = v + 345. What is the tens digit of o?
7
Let w(r) = 6*r**2 + 10*r + 9. Let t be 207/(-54) + (-1)/(-3 + 9). What is the tens digit of w(t)?
6
Let x(b) be the second derivative of -b**5/10 + 25*b**4/6 + 13*b**3/3 - 25*b**2/2 - 2*b - 23. What is the hundreds digit of x(25)?
6
Let m = 299 - 239. What is the units digit of (-6)/(-10)*(m - -1630)?
4
Let j(r) = -465*r**3 + 3*r**2 - 3*r + 2. What is the hundreds digit of j(-3)?
5
Let s(h) be the first derivative of -h**2 + 42*h - 18. Let b be (56/6)/(2/3). What is the units digit of s(b)?
4
Let p be (-45)/((-22)/8 - -2). Let w be 393/(-15) + 4*3/p. What is the units digit of (-20)/(-130) + (-1218)/w?
7
What is the hundreds digit of (-1725219)/108*(-1 + 15/(-9)